
Let f(k) = -2*k**3 + 2*k**2 + 5*k + 982. List the prime factors of f(0).
2, 491
List the prime factors of 4496 - -8 - 2*(-2)/(-1).
2, 3, 5
Let s(p) = 17*p**2 + 7*p + 12. Let a be s(-8). List the prime factors of (-4 + a)/4 + -2.
2, 3, 43
Suppose c + 16 = -q - 3*q, -2*c - 4*q - 12 = 0. Suppose -2*z - 148 = -c*s, 0 = -z + 2*z + 4. What are the prime factors of s?
5, 7
Let j be (22/14 - -1)/(1/(-28)). Let n = -33 - j. What are the prime factors of n?
3, 13
Let h be 1*(4 + 3/(-3)). Let c be 60 + -3 - h/(-1). Suppose 20 = -4*w + c. List the prime factors of w.
2, 5
Let i(s) = s - 1. Let v be i(13). Let w be 4/(-6) + 56/v. Suppose 3*m + 155 = w*n, 156 = 4*n - 3*m - m. List the prime factors of n.
2, 19
Suppose 0 = -113*z + 57*z + 134792. What are the prime factors of z?
29, 83
Suppose -8 = 2*l + 2*l, -4*c + 2036 = 2*l. What are the prime factors of c?
2, 3, 5, 17
List the prime factors of 2 + 16012/16 + (-6)/8.
2, 3, 167
Let x be (24/9)/(4/(-354)). List the prime factors of (4/8 + 1)*x/(-3).
2, 59
Let r = -58 + 240. Suppose 5*b + r = 3*p + 4, 2*p - 107 = b. What are the prime factors of p?
3, 17
Let a(m) = 0 - 9 + 2*m - m. Let b be a(7). Let p = b + 5. List the prime factors of p.
3
Let g(m) be the third derivative of 0*m + m**2 + 5/6*m**3 - 3/8*m**4 + 0. List the prime factors of g(-7).
2, 17
Let s(h) = -h**3 + 28*h**2 - 21*h - 32. List the prime factors of s(25).
2, 659
Let y(r) be the third derivative of -r**6/120 + 11*r**5/60 - 7*r**4/24 - 5*r**3/3 - r**2. Suppose -16*c + 120 = -4*c. List the prime factors of y(c).
2, 5
Let v be 1 + 2 + 3 + -3. Suppose 0 = -o + 3 - 1, v*i = -5*o + 55. Let p = 38 - i. What are the prime factors of p?
23
Suppose -23 = 2*k - 5. Let z(n) = -n**3 - 7*n**2 + 3*n + 2. What are the prime factors of z(k)?
137
Let v(c) = 2*c - 4. Let w be v(22). Let u = 12 + 1. Let i = w - u. What are the prime factors of i?
3
Let a(w) = 3*w**3 + 17*w**2 - 13*w - 4. What are the prime factors of a(5)?
17, 43
Let i = 13 + -13. Suppose i = 2*n - 3*w + 3 - 19, -5*n + 2*w = -18. What are the prime factors of (-8 - 6/n)/(-1)?
11
Suppose 9*o - 12*o = 27. Let a be 2/9 - 16/o. List the prime factors of 840/100*5/a.
3, 7
Suppose 74 + 88 = 2*m. Suppose -5*z + 107 = -j, -3*z = -5*j - m + 8. Let c = -10 + z. What are the prime factors of c?
11
Let q(u) be the first derivative of 5/2*u**2 - 4*u - 8 - 2*u**3 + 1/4*u**4. What are the prime factors of q(6)?
2, 13
Let p(w) = -w**3 - w**2 - 25*w - 22. What are the prime factors of p(-5)?
7, 29
Let i(s) = s**3 - s**2 - 6*s + 1. Let y be i(3). Suppose 2*a - l + 7 = 0, 7 = 2*l + y. List the prime factors of -46*-1*(-1)/a.
23
Let c be (-20)/(-3)*(-60)/(-8). Suppose 5*a = -5*k - c, -5*a - 4 = 2*k + 52. Let t(i) = -i**3 - 13*i**2 - 15*i - 16. What are the prime factors of t(a)?
2, 5
Let m(w) = w**3 - w**2 - 39*w + 114. What are the prime factors of m(12)?
2, 3, 5, 41
Let n(u) = 84*u**3 - u**2. Let i be n(-1). Let h be 3*56/36*-12. Let s = h - i. List the prime factors of s.
29
Let t(x) = 6*x - 1. Let y(d) = 24*d - 5. Let c(s) = 9*t(s) - 2*y(s). Let p(z) = -19*z - 4. Let o(f) = -14*c(f) - 4*p(f). What are the prime factors of o(-2)?
2, 3
List the prime factors of (-690)/(-207)*(-8292)/(-10).
2, 691
Suppose 3*p - 836 = p + 2*o, -15 = 5*o. List the prime factors of p.
5, 83
Let u = 3195 - 2069. List the prime factors of u.
2, 563
Suppose 6 = -7*s + 4*s. Let l(w) = -6*w**3 - 2*w**2 + 3*w + 2. What are the prime factors of l(s)?
2, 3
Suppose 383 = 17*l - 722. Let s = 72 - l. List the prime factors of s.
7
Let c(s) = 4*s**2 - 31*s + 1. List the prime factors of c(8).
3
Suppose 4 = -f - 59. Let i = -43 - f. What are the prime factors of (2 + -2 - -1) + i?
3, 7
What are the prime factors of (-4)/18 + 62146/126?
17, 29
Let z be ((-1)/1)/((-3)/6). Let i be 7/(-7) - -2*z. Suppose -5*b = f - 132, -2*b + b = i*f - 18. List the prime factors of b.
3
Suppose 3*v = -4*m - 53, -5*m - v + 13 = 71. List the prime factors of (m/22)/(2/(-64)) + -2.
2, 7
Let s(z) = -8*z + 3. Let v(i) = -3 - 5 + 1 + 17*i. Let f(x) = -13*s(x) - 6*v(x). What are the prime factors of f(7)?
17
Let u(n) = 2*n**3 - 14*n**2 - n - 3. Let o be u(6). Let d = -17 - o. What are the prime factors of d?
2
Let p = 17 + -9. Suppose -1333 = -p*f - 333. List the prime factors of f.
5
Let t = 1869 - 197. List the prime factors of t.
2, 11, 19
Let x(f) = 9 - 5*f**2 - f**2 + 3*f**2 - 21*f + 2*f**2. What are the prime factors of x(-16)?
89
Let t be (6 + -2 - 2) + -1. Let l(g) = -5*g**2 - g + 1. Let h be l(t). Let m(d) = -d**3 - 4*d**2 - d + 5. What are the prime factors of m(h)?
5, 7
Let j(t) = -t**3 + t**2 - t - 2. Let b be j(0). Let u be 16/(-6)*3/b. Suppose 0 = -u*m + 47 + 49. List the prime factors of m.
2, 3
Let s = -1654 - -3748. What are the prime factors of s?
2, 3, 349
Let v be (-15)/(-20) - (-235)/(-4). Let b = -92 - -62. Let j = b - v. What are the prime factors of j?
2, 7
Let l(q) = 8*q + 2. Let t(i) = 24*i + 6. Let o be (-2*2)/2 + 4. Let u(p) = o*t(p) - 7*l(p). What are the prime factors of u(-3)?
2, 11
Let g be 12/(-7) - 4/14. Let n be (-15 + 4)/(g/4). Suppose -5*h - 3*a = -n - 195, h = -3*a + 41. What are the prime factors of h?
2, 11
Suppose -v - 2835 = -28*v. List the prime factors of v.
3, 5, 7
Let c = -16 - -452. What are the prime factors of c?
2, 109
Let g = -173 - -689. What are the prime factors of g?
2, 3, 43
Suppose -3 + 5 = -2*t, 0 = -4*n + 3*t - 13. List the prime factors of -23*3/12*n.
23
Suppose h = 2*x + 1197, -5*h - x = -2489 - 3452. List the prime factors of h.
29, 41
Suppose 0 = 2*f - 3*q - 156 + 4, f - 50 = -5*q. Let i = 150 - f. List the prime factors of i.
2, 5
What are the prime factors of 0 + 30/(-6) + (-3 - -20)?
2, 3
Suppose 5*b - 4*s = 3, 2*s = 4*b - 2*s. Suppose 4*l - 8 = -4*r, -43 = b*l - 5*r - 9. What are the prime factors of l/((-12)/22)*2?
11
Let r = -21 - -6. Let y = 26 + r. List the prime factors of y.
11
Suppose -4*h + 20 = 4*m, 4*h - 6*h + m - 2 = 0. Suppose 0 = 2*c + h + 115. List the prime factors of 2/((-4)/c) + -2.
3
Let i be (-9)/2*4/(-6). Let w(f) = f + 3 - 6*f - 2 + i*f. What are the prime factors of w(-7)?
3, 5
Let o be 6 + 213 + 2 + 0. Let j = o + -89. Suppose j = h + 3*h. List the prime factors of h.
3, 11
Suppose 3*z + 56*z = 59885. What are the prime factors of z?
5, 7, 29
Suppose 2 = -3*t + 11. Suppose -t*d = 2*d + 20. Let i(q) = -q**2 - 4*q + 2. List the prime factors of i(d).
2
Let k(p) = 14*p**3 - 2*p + 4. Let a be k(2). Let y = -79 + a. List the prime factors of y.
3, 11
Let x(d) = -30*d - 2. Let m be x(-1). Suppose -4*z + 0*z - 12 = 0, 5*l - z = m. Suppose 0 = -l*r + 16 + 84. What are the prime factors of r?
2, 5
Suppose -4*k - 11 = -2*a + 7, 0 = 3*a - 3*k - 27. List the prime factors of (9/a + 0)/((-1)/(-238)).
2, 7, 17
Let l = -25 - -13. What are the prime factors of l/(-8)*2 - -65?
2, 17
Let b be ((-24)/15)/((-4)/50). What are the prime factors of -2 + (449/4 - (-15)/b)?
3, 37
Suppose -c = 2*j - 200, 5*c - 9*c - 500 = -5*j. What are the prime factors of 84/30*j/1?
2, 5, 7
Let g(c) = 8*c**2 - 10*c - 23. List the prime factors of g(-6).
5, 13
Suppose -30 = -4*n + 2*r, 0*n + 2*n = 4*r + 30. Suppose -3*k = b - 372, 2*k - 627 = -3*k - 4*b. Suppose -n*t + k = 3. List the prime factors of t.
2, 3
Let o = 3715 - 2285. List the prime factors of o.
2, 5, 11, 13
Let s be 3 + 24/(-4) - -12. Suppose -3*y = -6*y + s. Suppose -y*j - 2*j + 75 = 0. List the prime factors of j.
3, 5
Let y be (12/16)/(2/8). Suppose -4*k + 19 - y = 0. Suppose -2*r - 36 = -3*l + r, -k*l + r = -45. List the prime factors of l.
11
Let l be 9/(2/(-4)*(-11 - -9)). Suppose -l*x + 216 = -3*x. List the prime factors of x.
2, 3
Let f be ((-1)/(-3))/(5/15). Let b be f - 1 - (1 - 4). Suppose 0 = -a + b. What are the prime factors of a?
3
What are the prime factors of (6/5)/((-16)/22680*-7)?
3
Let d = -60 + 116. Suppose -f - 1 = 0, l + d = 3*l - 2*f. What are the prime factors of l?
3
Suppose -21 + 5 = -4*a. Suppose -a*z - 16 = 2*u, -u + 0*z + 4*z = -16. Suppose 2*x = -u*x + 12. What are the prime factors of x?
2, 3
Suppose -4*n - 8 = 4*j - 0*n, 5*n + 25 = 0. Suppose -l + 1 = -j. Suppose -s + 170 = l*s. What are the prime factors of s?
2, 17
Let s be 26*((-6)/(-4) + -2). Let q = 17 + s. Suppose 4*m + 0*m = -a + 27, 5*m - 60 = q*a. List the prime